23 = 7*f + 2*t. What is the remainder when 19 is divided by ((-2)/f)/(10/150)?
9
Suppose -2*d + 0*d + 2 = -4*l, 5*l = 5*d. What is the remainder when 33 is divided by d - (-4 - 24/4)?
6
Suppose 5*s - 152 = 4*s. Suppose 5*x + s = 3*b, 2*x = -0*x - 8. Let j(v) = -v**3 - 5*v**2 - 11*v - 5. What is the remainder when b is divided by j(-4)?
21
Let j(i) = -i**3 + 11*i**2 - 7*i - 6. Let v = -12 + 22. What is the remainder when 71 is divided by j(v)?
23
Suppose -2*a - 4*d + 381 + 101 = 0, 0 = 3*a + 2*d - 731. Let u = a + -146. Let q = -51 + 85. Calculate the remainder when u is divided by q.
31
Let r = -453 + 576. Calculate the remainder when r is divided by 46.
31
Suppose -b + 2671 + 651 = 4*c, 0 = 2*b - 3*c - 6655. What is the remainder when b is divided by 32?
30
Let f = -36 - -53. Let d = -220 + 145. Let q = 139 + d. What is the remainder when q is divided by f?
13
Suppose 32 = -12*v + 464. What is the remainder when 75 is divided by v?
3
Let g be (-25 - 3) + (5 - 1). Let o = g + 30. Suppose -2*w + o*w - 12 = 0, 412 = 5*m - w. Calculate the remainder when m is divided by 21.
20
Calculate the remainder when (68/5)/(9/(315/7)) is divided by 4.
0
Let y(i) be the first derivative of 9*i**3 + i**2 + 1. Calculate the remainder when y(-1) is divided by 9.
7
Suppose 2*y - 420 = -3*y. Let j = y - 14. Suppose -54 = -5*h + 2*h. Calculate the remainder when j is divided by h.
16
Let c(p) = 2*p**2 + 1. Let i be c(1). Suppose -8*m + i*m = -10. Suppose -s - 11 = -m*s. Calculate the remainder when 32 is divided by s.
10
Suppose 4*s - 39 + 155 = -3*p, -5*s = 2*p + 138. Suppose -2*d + 0*g = -4*g + 14, -3*d + 2*g = 41. Let l = d - s. What is the remainder when 15 is divided by l?
6
Let n(f) = -f**3 - f**2 - 6. Let m be 0 + (-4 - -1) + 0. What is the remainder when 59 is divided by n(m)?
11
Let p be (12/7)/((-2)/(-77)). Let a = -56 + p. Calculate the remainder when 37 is divided by a.
7
Suppose -36 = -2*q - 3*q + 2*a, -a = -3*q + 21. Let r = 144 - 145. Calculate the remainder when (r - -15 - -1)*64/48 is divided by q.
2
Let k = -507 - -572. Calculate the remainder when 128 is divided by k.
63
Let c(z) = -16*z**3 - 5*z**2 - 8*z - 2. What is the remainder when 1118 is divided by c(-1)?
13
Let s(x) = -x**3 - 19*x**2 - 67*x - 21. What is the remainder when s(-16) is divided by 57?
55
Suppose -5*i + 0 = -2*w + 14, -3*w + i = -8. Let x be (17/w*4)/2. Let m = 27 - x. Calculate the remainder when 37 is divided by m.
7
Let w(s) = -2*s**2 + 3*s + 5. Let f be w(0). Suppose 4*g = -l + 318 - 85, -l + f*g + 251 = 0. What is the remainder when l is divided by 61?
58
Suppose 2*b + 2*o + 2 = 0, -2*b + 0*o - 12 = 4*o. Suppose -3 = -l + 2, -b*g = l - 33. What is the remainder when g is divided by 4?
3
Let y = 769 - 348. Calculate the remainder when y is divided by 72.
61
Suppose c + 20 = 5*c. Suppose 0 = 2*w - 65 - c. Calculate the remainder when w is divided by 2*(-1)/9 - 1650/(-135).
11
Let r(x) = -x**3 + 9*x**2 - 16*x + 21. Let g be r(7). Suppose -140 = -21*f + g*f. What is the remainder when 47 is divided by f?
7
Calculate the remainder when 1161 is divided by (-10)/(-12) + 1364/264.
3
Let o(a) = a**2 - 11*a + 20. What is the remainder when o(12) is divided by 12?
8
Suppose 0 = 4*t - o - 183, -21*t - o + 87 = -19*t. Calculate the remainder when t is divided by 18.
9
Suppose 580*u - 582*u + 56 = 0. What is the remainder when 93 is divided by u?
9
Let t = -25 - -135. Let k = 193 - t. Calculate the remainder when k is divided by 7.
6
Suppose u + 61 = -4*z, 2*z = u - 0*u + 31. Let k = -7 - u. Let d = -21 + k. Calculate the remainder when 51 is divided by d.
12
Suppose -3*r - 3058 = -3*x - 4*r, 5*x - 4*r = 5125. Calculate the remainder when x is divided by 31.
29
Suppose -7 = 4*h + 9. Let g be ((-28)/h)/(2/(-6)). Let x = -6 - g. Calculate the remainder when 26 is divided by x.
11
Let b = -1421 + 1515. What is the remainder when 180 is divided by b?
86
Suppose 7*p - 3*p = 12. Let b = -13 + 3. Let k = 16 + b. What is the remainder when k is divided by p?
0
Let g be 3/((-7)/((-140)/6)). Suppose g*v = v + 333. Calculate the remainder when 71 is divided by v.
34
Let x = -175 + 213. What is the remainder when x is divided by 15?
8
Let m = 11 - -54. Suppose -4*k + m = 3*z, k - 55 = -3*z + 2*k. What is the remainder when 74 is divided by z?
17
Suppose -4*h = 4*x - 20, 2*x + 2*h + 3*h = 1. Suppose -16 = -5*d + c + x, -d - 4*c = -9. What is the remainder when (375/10)/5*(-4)/(-6) is divided by d?
0
Suppose 0 = 2*s + 4*c - 246, 286 = 6*s - 4*s - 4*c. Calculate the remainder when s is divided by 15.
13
Let z(m) = -5 + 3*m**3 - 3*m**2 - 4*m**3 + 2*m**3 - 3*m + 0*m. Let b be z(4). Let l(c) = -6*c + 1. Calculate the remainder when 12 is divided by l(b).
5
Let u = -19 - -41. Let y = 310 - 302. Calculate the remainder when u is divided by y.
6
Suppose -2*b = b - 15. Suppose 0 = -b*j + j - 4. Let q(u) = -17*u**3 - 2*u - 1. What is the remainder when q(j) is divided by 10?
8
Let y = 281 - 126. What is the remainder when y is divided by 27?
20
What is the remainder when 60*3/(9/6) is divided by -9 + 48 + 0 + 2?
38
Let v be (0 + 1)*-3 + 0. Suppose -4*o + 2*t = -38, 7*o - 11 = 4*o - 2*t. Let i = o + v. What is the remainder when 9 is divided by i?
1
Let k = 3 - -6. Suppose -88 = -2*g - v - 32, -v = 4*g - 112. What is the remainder when g is divided by k?
1
Suppose -38*z = 24215 - 106827. What is the remainder when z is divided by 87?
86
Suppose 6783 = 47*v - 1442. What is the remainder when v is divided by 74?
27
Let r(z) = -z**2 + 3*z + 52. Calculate the remainder when r(7) is divided by 5.
4
Let f(g) = -8*g + 22. Calculate the remainder when f(1) is divided by 9.
5
Let l be 4/3*9/3. Suppose -2*j + 5*r = -6*j + 15, l*r + 4 = 0. Suppose -3*g + 62 = -f, -g - j + 23 = f. Calculate the remainder when g is divided by 7.
6
Suppose -3 = -3*n, -5*n + 8 + 107 = 5*a. Calculate the remainder when 71 is divided by a.
5
Suppose -12 = -2*f - 2*u, 5*u - 2 - 18 = 0. Suppose -y = -2*y. Suppose y = 3*j - 3 - 3. Calculate the remainder when j is divided by f.
0
Let y = 68 + -35. Calculate the remainder when 41 is divided by y.
8
Let u(s) = s**3 + 23*s**2 + 21. Let p be u(-23). Suppose p*l = 24*l - 309. What is the remainder when l is divided by 53?
50
Suppose -3*o + k = -2*o - 5, 0 = -3*o + 4*k + 13. Suppose -3*y - 324 = -o*y. Calculate the remainder when y is divided by 28.
25
Let x = 597 - 539. Calculate the remainder when 284 is divided by x.
52
Let l(n) = 3*n**2 - 10*n - 1. Let j(h) = h**2 + 4*h + 7. Let q be j(-3). What is the remainder when l(q) is divided by 2?
1
Suppose -42*p + 12*p = -630. What is the remainder when 649 is divided by p?
19
Let w(q) = 9*q + 5. Suppose -4*d + 26 = 2. Let p be w(d). Suppose 8*c + p = 9*c. What is the remainder when c is divided by 31?
28
Let p(m) = -m**3 - 4*m**2 - 5*m + 2. Suppose -22*v + 18*v + 160 = 0. What is the remainder when v is divided by p(-4)?
18
Let i(h) = -h - 17. Let l be i(-19). Suppose 4*j - 19 = -y, -2*y - l*y + 4*j + 76 = 0. What is the remainder when 93 is divided by y?
17
Suppose 61 = j + 3*p, -j - p + 67 = 16. What is the remainder when 122 is divided by j?
30
Suppose 2*p - 5*b = 145, 2*p + 19*b - 125 = 20*b. What is the remainder when 219 is divided by p?
39
Let l be ((-20)/8 - -1)*2. Let y(i) = 7*i**2 - 5*i - 10. What is the remainder when y(l) is divided by 23?
22
Let d(q) = 52*q - 3. Suppose 5*w - w - 136 = 0. What is the remainder when d(2) is divided by w?
33
Suppose 5*l - 1595 = -5*b, 2*b - 4*l - 49 = 613. Let g = b + -180. Calculate the remainder when g is divided by 36.
35
Let y = 86 + -51. Calculate the remainder when 11/(-11) + y + 1 is divided by 12.
11
Let d = 34 + 177. What is the remainder when d is divided by 71?
69
Let l = 42 - 19. What is the remainder when l is divided by 36/(-42)*1*-7?
5
Suppose 2*z + 2*l - 6*l - 66 = 0, -145 = -5*z + 5*l. What is the remainder when 26 is divided by z?
1
Calculate the remainder when 1 - (1251/(-18))/((-1)/(-2)) is divided by 133.
7
Let m(n) = -n. Let t be m(-3). Suppose -5*u + t - 13 = 0. Let g = u - -8. What is the remainder when 34 is divided by g?
4
Suppose 0 = -2*r + 52 - 22. What is the remainder when r is divided by 8?
7
Calculate the remainder when 4 is divided by (1 - 1) + 6 - (17 - 14).
1
Let u = 16